) be the first derivative of -c**6/360 - c**5/30 - c**4/8 + 5*c**3 - 32. Let l(x) be the third derivative of d(x). Calculate l(-5).
-8
Let b = 1852 + -1010. Let l(z) = 2 + 0*z**3 - b*z**2 - z + 839*z**2 + 2*z**3. Calculate l(2).
4
Let b(o) = o**2 + 5*o - 7. Let p be (260/(-25) + 3)/((-3)/15). Suppose -3*c + 0 = -5*y + 11, -y - p = 5*c. Give b(c).
7
Let g(f) be the second derivative of f**5/20 - f**2 + 56*f. What is g(-2)?
-10
Suppose 71 = -43*b - 15. Let t(s) = -3*s + 1. Calculate t(b).
7
Let g(y) = -3 - 506*y**2 + 515*y**2 - y**3 + 0 - 9*y. Suppose 5*q + 5 = 15. Suppose 0 = q*r - 9 - 7. Calculate g(r).
-11
Let d be 1/1*0/(-7). Suppose 0 = -d*j + 2*j + 4*p + 4, p = 2*j - 16. Let q(c) = -c**3 - j*c**2 + 3*c**2 + 3 - 4*c + 4*c**2. Determine q(2).
-9
Suppose -3*u = -0*l + l - 51, l + 5*u - 61 = 0. Suppose -a + l = a. Let g be (5/(-10))/((-3)/a). Let o(p) = -p**3 + 4*p**2 - 3*p + 3. Give o(g).
3
Let h be 1/((1 + 2)/(-15)) + 3. Let d(r) = 13*r - 15. Let s(o) = -3*o + 4. Let v(q) = h*d(q) - 9*s(q). What is v(7)?
1
Let h(v) = -1 + 5*v**2 - v + 3 - v**3 + 2*v**2 + 9*v - 3. Determine h(8).
-1
Let d be (-2)/(-8)*(10 + 18). Let q(b) = -2*b**2 + b**3 + 0*b**3 - 5*b**2 + 0 + 1 + b. Calculate q(d).
8
Let l(f) = -f**3 - 5*f**2 - 6*f + 4. Let r be l(-7). Let u be (2/(-6))/((-12)/r). Let q(m) = m**3 - 5*m**2 + 2*m + 5. Give q(u).
-3
Suppose 28 = -0*t + 2*t. Suppose 2 = -4*s + t. Let l(w) = -79*w**2 - 2 - w + 84*w**2 - w**s - 3. Give l(5).
-10
Let u be 15/(-30)*4/6*0. Let q(l) be the second derivative of 0*l**4 + 0*l**3 + u + l + 0*l**2 - 1/10*l**5. What is q(-1)?
2
Let r(x) be the first derivative of -x**3/3 - 7*x**2/2 + 5*x + 4. Let f(c) = c**2 + 7*c - 5. Let m(y) = -5*f(y) - 6*r(y). Give m(-4).
-17
Suppose 0 = -2*t - 5*h + 11, -3*h = -6*t + 8*t - 9. Let k(q) = 2*q**2 - 7. Determine k(t).
11
Let p(f) = f**3 - f - 28. Suppose 1 - 4 = 5*m - r, -5*r + 15 = -2*m. What is p(m)?
-28
Let t(w) be the first derivative of 1/2*w**2 - 1/3*w**3 + 25 - 2*w. Calculate t(3).
-8
Let z(g) be the first derivative of -g**4/4 + 5*g**3/3 + 2*g**2 + 6*g - 31. What is z(5)?
26
Let t(c) = -c**3 - 6*c**2 - 6*c + 6. Suppose -18 = -2*j - 10. Suppose -3 - 17 = j*q. Calculate t(q).
11
Let f(z) be the third derivative of -13*z**5/60 + z**4/6 - 2*z**3/3 - 13*z**2. Let m(i) = i - 1. Let j(d) = -f(d) + 4*m(d). Calculate j(1).
13
Let p = 6 + -3. Suppose 10 + 5 = -p*u. Let m(d) be the second derivative of -d**3/3 - 5*d**2/2 + 2*d + 2. Calculate m(u).
5
Let x(s) be the third derivative of -5*s**4/24 + s**3 - 153*s**2. Calculate x(5).
-19
Let x = -121 + 122. Suppose 5*m - 3*t = 4 + 9, 1 = m + t. Let j(s) = 0*s**m + 9*s - s**2 - 1 - 6 - x. Give j(8).
0
Let q(m) be the first derivative of -1/24*m**4 - 1/3*m**3 + 3/2*m**2 + 0*m - 6. Let v(z) be the second derivative of q(z). Calculate v(-4).
2
Let g(a) be the second derivative of -a**6/240 + a**5/20 + 2*a**4 - 12*a. Let n(i) be the third derivative of g(i). Give n(4).
-6
Let c(l) = 5*l**3 - l**2 + 2*l + 2. Suppose 5*d = d + 4, 9 = -4*u + 5*d. Determine c(u).
-6
Let u(t) = t**3 - t - 1. Let x(l) be the third derivative of -l**6/60 + l**5/60 - l**4/24 + 13*l**2. Let c(j) = -3*u(j) - x(j). Calculate c(-3).
9
Let v(o) = -17*o + 7. Let q(f) = -25*f + 6. Let h(u) = -2*q(u) + 3*v(u). Calculate h(17).
-8
Let b(v) = -3*v - 7. Let s(g) = 7*g + 14. Let h(m) = 5*b(m) + 2*s(m). Give h(-7).
0
Let w(r) = -r**2 - 6*r + 11. Let c be (-6)/(-4)*7/(210/80). Suppose -5*u = -15, -3*o + 2*o + 4 = c*u. Calculate w(o).
-5
Let o(i) = 2*i**2 - 2*i - 34. Let p be o(6). Suppose p - 20 = -k. Let g(m) = -m**2 - 5*m. What is g(k)?
-6
Let m(v) be the first derivative of -14 - 11*v**2 - 4*v + 5*v**2 + 4*v**2. Give m(-5).
16
Let v(c) = -1 - 2 + c - 8. Let q be ((-4)/(-1))/((-5)/10). Let l(r) = -2*r**2 - 14*r + 16. Let y be l(q). Determine v(y).
-11
Suppose -5*r = -2*p + 7, 21 = -r - 2*p + 22. Let d(v) = 28*v - 1. What is d(r)?
-29
Let j(d) = -d - 1. Suppose -3*n + 25 = 5*a + 2*n, -a = -5*n + 19. Let h(z) = z**2 + 3*z + 8. Let q(s) = a*h(s) + 5*j(s). What is q(3)?
6
Suppose 0 = 6*n - 3*y + 7*y, -2*n = -4*y. Suppose -l - 4*r = -8*r - 9, -5*r = 2*l - 5. Let w(g) = l - 4 + 3 + g. What is w(n)?
4
Let v(q) = 2*q - 7. Let w(j) = -1 - 4*j**2 - 2 + 3*j**2 - 7*j. Let u be w(-7). Let i be 10/u*6/(-4). Give v(i).
3
Let c(s) be the second derivative of -s**5/20 + 5*s**4/12 - s**3/2 - 3*s**2/2 + s. Let m(o) = -5*o - 28. Let g be m(-7). Suppose -g*v + 4 = -17. Give c(v).
6
Let z(q) = q**3 + 4*q**2 + 5*q + 5. Let d(a) = -2*a**2 - 19*a - 26. Let n be d(-8). Determine z(n).
3
Let c(m) = 2*m**3 - m. Let p = 39 - 41. Let r(b) = -b - 1. Let w be r(p). Determine c(w).
1
Suppose 3*t - 18 = -3*t. Let j = 5 + -3. Let y(g) = -2 + g**t + 4*g**j - 2 - 1. Calculate y(-4).
-5
Let j = -149 - -105. Let w = j - -45. Let p(c) = -c - 1. Determine p(w).
-2
Let x(r) = 6*r - 3 - 1 + 169*r**2 + 168*r**2 - 336*r**2 + 2. Calculate x(-7).
5
Let v(q) = -7*q + 454. Let j be v(66). Let d(c) = c**3 + 8*c**2 + 2*c + 18. Calculate d(j).
2
Let p(d) = -8 + 4*d - 1 + d**2 + 3. Let q = -23 - -18. Determine p(q).
-1
Let s(t) be the third derivative of -t**5/60 + t**4/8 - t**3/6 + 2*t**2 + 18. Give s(6).
-19
Let p(w) = w**2 + 4*w + 10. Let m be p(-3). Let h(x) = x**2 - 11*x + 19. Calculate h(m).
-9
Let a(z) = z**2 - 3*z**2 - 1080*z + 2 + z**2 + 2155*z - 1081*z. Give a(-3).
11
Let l(m) = 8*m**3 - 2*m**2 + 1. Let f = -13 + 15. Suppose -5*k + f + 13 = 0. Suppose 4*d = 2*x, x + k = 3*d + 4. Determine l(d).
-9
Let n be (-672)/(-72) + 2/3. Let a(b) = -4*b - 4*b + 4*b + n*b. Calculate a(-1).
-6
Let a(t) be the second derivative of t**8/6720 + t**7/504 + t**6/120 + t**5/40 - t**4/12 - 10*t. Let l(n) be the third derivative of a(n). What is l(-4)?
-5
Let p = -15 - -17. Suppose -4*b + p + 26 = 0. Let g(w) = w**2 - 7*w + 4. Let v be g(b). Let q(f) = f**3 - 4*f**2 - 2*f + 3. Determine q(v).
-5
Let a(x) = -24*x + 6*x + 11*x + 6. Determine a(1).
-1
Suppose 0 = -5*l - 2*b + 7 - 38, 3*b + 29 = -5*l. Let c(n) be the second derivative of -n**4/12 - n**3/2 + 5*n**2 - 8*n. What is c(l)?
-18
Let w(f) = -f**3 + 6*f**2 - 7*f + 12. Let n be w(5). Let u(r) = -10*r + r**n - 38 + 43 + 4*r. Determine u(5).
0
Let m(n) = 13*n**3 + n**2 + 6*n + 16. Let u(k) = 7*k**3 + 3*k + 8. Let b(i) = 6*m(i) - 11*u(i). What is b(-6)?
-10
Let t(p) = 8*p + 2*p**3 + 0*p - 3*p**3 + 2 - 7*p**2. Suppose 13*i + 128 = -3*i. What is t(i)?
2
Let j(c) = 7*c - 6*c - 10*c + 9*c - 17 + 2*c. Give j(10).
3
Let u(d) = d**2 + 12*d + 19. Let n be u(-11). Let c(s) = 5 - 8*s - n*s + 17*s. Let y(j) = j**3 + 4. Let m be y(0). Calculate c(m).
9
Suppose -m + 0*m - 5 = -3*a, -5*m + 3*a = 37. Let o(f) = 2*f + 17. Let b be o(m). Let x be (0*(-1)/4)/b. Let v(k) = -k**3 - k - 5. What is v(x)?
-5
Let o = -22 - -25. Suppose -8*d + 15 = -o*d. Let u(r) = 3*r**3 - 2*r**d - r - 19*r**2 + 9 + 14*r**2 - 2. Give u(5).
2
Let c(t) be the third derivative of -t**4/12 + t**3/3 - 57*t**2 - t. Give c(3).
-4
Let t(m) = -4*m - 27. Let n(d) = -2*d - 14. Let q(y) = 7*n(y) - 4*t(y). Determine q(-6).
-2
Let c(j) = 4*j**3 + 1. Let z be (0 + (-6)/(-3))*1. Let a be (-3)/(-6)*10 + z. Let o(s) = -s + 8. Let f be o(a). Give c(f).
5
Let j(t) = t**3 - 4*t**2 - 3*t - 5. Let q = -168 + 263. Let n = q - 90. Give j(n).
5
Let b(l) = l**2 + 2*l - 2 + 5*l - 2*l**2 - 11 + 7. Let a be -4 - 3/((-12)/40). Calculate b(a).
0
Suppose 2 = 5*h - 2*g, 0 = 4*h - 0*h + 5*g + 5. Let c(v) = -v - 3. What is c(h)?
-3
Let l(v) be the first derivative of -8 - 9/2*v**2 + v. Let x = 26 + -27. Determine l(x).
10
Let t(a) = 19 - 19 + a. Let i(n) = -n**2 + 10*n + 3. Let p(c) = -i(c) + t(c). What is p(8)?
-11
Let t(x) be the first derivative of x**5/20 + x**4/3 - x**3/2 + x**2/2 - 17*x + 18. Let j(u) be the first derivative of t(u). Calculate j(-4).
13
Suppose 5*k + 1 = -2*p, -p - 2*k = -3*k - 3. Let n(j) = 0*j - 4*j**p + 3*j**2 + 3 - 8*j. Suppose 24 = -4*t - 0*t. Give n(t).
15
Let l(b) = b**3 - 7*b**2 + 8*b - 8. Let j be l(6). Let u(k) be the third derivative of -k**4/12 + k**3 + 12*k**2 + k. Give u(j).
-2
Let u(m) = -m**3 + 2*m**2 + 2*m + 8. Let x(p) = p**3 - p**2 - p - 8. Let t(y) = -6*u(y) - 5*x(y). Let c be (-5)/6 + (-1431)/(-162). Give t(c).
0
Let v(i) = 3*i + 7. Let r(m) be the third derivative of 6*m**2 + 0 + 0*m + 14/3*m**3 + 13/24*m**4. Let q(n) = -2*r(n